{"id":1237,"date":"2022-09-26T17:15:47","date_gmt":"2022-09-26T15:15:47","guid":{"rendered":"http:\/\/adrenaline33.com\/?page_id=1237"},"modified":"2022-10-12T12:21:44","modified_gmt":"2022-10-12T10:21:44","slug":"presse","status":"publish","type":"page","link":"http:\/\/adrenaline33.com\/?page_id=1237","title":{"rendered":"Presse"},"content":{"rendered":"\n<h2 class=\"wp-block-heading\">Dimanche 14 novembre 2021.<\/h2>\n\n\n\n<h2 class=\"wp-block-heading\">L&rsquo;association organisait la course Les mont\u00e9es d&rsquo;Adr\u00e9naline:<\/h2>\n\n\n\n<p>Fort du succ\u00e8s des pr\u00e9c\u00e9dentes \u00e9ditions, les mont\u00e9es d\u2019Adr\u00e9naline rassemblaient de nouveau 359 participants pour ce dixi\u00e8me rendez-vous. 113 coureurs sur le 10 km, 96 sur le 20 km, 30 sur le canitrail et 120 marcheurs.<\/p>\n\n\n\n<h4 class=\"wp-block-heading\">Retrouvez les r\u00e9sultats et photos de notre course en cliquant sur le lien suivant:<\/h4>\n\n\n\n<h3 class=\"wp-block-heading\"><a href=\"https:\/\/adrenaline33.com\/?p=1077\"><strong>Les mont\u00e9es d&rsquo;Adr\u00e9naline 2021. (Toutes les photos sont en ligne).<\/strong><\/a><\/h3>\n\n\n\n<figure class=\"wp-block-image size-large\"><img decoding=\"async\" loading=\"lazy\" width=\"1024\" height=\"683\" data-src=\"http:\/\/adrenaline33.com\/wp-content\/uploads\/2021\/11\/IMG_0075-1024x683.jpg\" alt=\"\" class=\"wp-image-1111 lazyload\" data-srcset=\"http:\/\/adrenaline33.com\/wp-content\/uploads\/2021\/11\/IMG_0075-1024x683.jpg 1024w, http:\/\/adrenaline33.com\/wp-content\/uploads\/2021\/11\/IMG_0075-300x200.jpg 300w, http:\/\/adrenaline33.com\/wp-content\/uploads\/2021\/11\/IMG_0075-768x512.jpg 768w, http:\/\/adrenaline33.com\/wp-content\/uploads\/2021\/11\/IMG_0075-1536x1024.jpg 1536w, http:\/\/adrenaline33.com\/wp-content\/uploads\/2021\/11\/IMG_0075-2048x1365.jpg 2048w\" data-sizes=\"(max-width: 1024px) 100vw, 1024px\" src=\"data:image\/gif;base64,R0lGODlhAQABAAAAACH5BAEKAAEALAAAAAABAAEAAAICTAEAOw==\" style=\"--smush-placeholder-width: 1024px; --smush-placeholder-aspect-ratio: 1024\/683;\" \/><noscript><img decoding=\"async\" loading=\"lazy\" width=\"1024\" height=\"683\" src=\"http:\/\/adrenaline33.com\/wp-content\/uploads\/2021\/11\/IMG_0075-1024x683.jpg\" alt=\"\" class=\"wp-image-1111\" srcset=\"http:\/\/adrenaline33.com\/wp-content\/uploads\/2021\/11\/IMG_0075-1024x683.jpg 1024w, http:\/\/adrenaline33.com\/wp-content\/uploads\/2021\/11\/IMG_0075-300x200.jpg 300w, http:\/\/adrenaline33.com\/wp-content\/uploads\/2021\/11\/IMG_0075-768x512.jpg 768w, http:\/\/adrenaline33.com\/wp-content\/uploads\/2021\/11\/IMG_0075-1536x1024.jpg 1536w, http:\/\/adrenaline33.com\/wp-content\/uploads\/2021\/11\/IMG_0075-2048x1365.jpg 2048w\" sizes=\"(max-width: 1024px) 100vw, 1024px\" \/><\/noscript><\/figure>\n\n\n\n<figure class=\"wp-block-image size-large\"><img decoding=\"async\" loading=\"lazy\" width=\"498\" height=\"1024\" data-src=\"http:\/\/adrenaline33.com\/wp-content\/uploads\/2022\/09\/IMG-20211116-WA0000-498x1024.jpg\" alt=\"\" class=\"wp-image-1239 lazyload\" data-srcset=\"http:\/\/adrenaline33.com\/wp-content\/uploads\/2022\/09\/IMG-20211116-WA0000-498x1024.jpg 498w, http:\/\/adrenaline33.com\/wp-content\/uploads\/2022\/09\/IMG-20211116-WA0000-146x300.jpg 146w, http:\/\/adrenaline33.com\/wp-content\/uploads\/2022\/09\/IMG-20211116-WA0000-768x1579.jpg 768w, http:\/\/adrenaline33.com\/wp-content\/uploads\/2022\/09\/IMG-20211116-WA0000-747x1536.jpg 747w, http:\/\/adrenaline33.com\/wp-content\/uploads\/2022\/09\/IMG-20211116-WA0000.jpg 778w\" data-sizes=\"(max-width: 498px) 100vw, 498px\" src=\"data:image\/gif;base64,R0lGODlhAQABAAAAACH5BAEKAAEALAAAAAABAAEAAAICTAEAOw==\" style=\"--smush-placeholder-width: 498px; --smush-placeholder-aspect-ratio: 498\/1024;\" \/><noscript><img decoding=\"async\" loading=\"lazy\" width=\"498\" height=\"1024\" src=\"http:\/\/adrenaline33.com\/wp-content\/uploads\/2022\/09\/IMG-20211116-WA0000-498x1024.jpg\" alt=\"\" class=\"wp-image-1239\" srcset=\"http:\/\/adrenaline33.com\/wp-content\/uploads\/2022\/09\/IMG-20211116-WA0000-498x1024.jpg 498w, http:\/\/adrenaline33.com\/wp-content\/uploads\/2022\/09\/IMG-20211116-WA0000-146x300.jpg 146w, http:\/\/adrenaline33.com\/wp-content\/uploads\/2022\/09\/IMG-20211116-WA0000-768x1579.jpg 768w, http:\/\/adrenaline33.com\/wp-content\/uploads\/2022\/09\/IMG-20211116-WA0000-747x1536.jpg 747w, http:\/\/adrenaline33.com\/wp-content\/uploads\/2022\/09\/IMG-20211116-WA0000.jpg 778w\" sizes=\"(max-width: 498px) 100vw, 498px\" \/><\/noscript><\/figure>\n\n\n\n<figure class=\"wp-block-image size-large\"><img decoding=\"async\" loading=\"lazy\" width=\"1024\" height=\"576\" data-src=\"http:\/\/adrenaline33.com\/wp-content\/uploads\/2022\/09\/IMG-20211119-WA0000-1024x576.jpg\" alt=\"\" class=\"wp-image-1240 lazyload\" data-srcset=\"http:\/\/adrenaline33.com\/wp-content\/uploads\/2022\/09\/IMG-20211119-WA0000-1024x576.jpg 1024w, http:\/\/adrenaline33.com\/wp-content\/uploads\/2022\/09\/IMG-20211119-WA0000-300x169.jpg 300w, http:\/\/adrenaline33.com\/wp-content\/uploads\/2022\/09\/IMG-20211119-WA0000-768x432.jpg 768w, http:\/\/adrenaline33.com\/wp-content\/uploads\/2022\/09\/IMG-20211119-WA0000-1536x864.jpg 1536w, http:\/\/adrenaline33.com\/wp-content\/uploads\/2022\/09\/IMG-20211119-WA0000-rotated.jpg 1599w\" data-sizes=\"(max-width: 1024px) 100vw, 1024px\" src=\"data:image\/gif;base64,R0lGODlhAQABAAAAACH5BAEKAAEALAAAAAABAAEAAAICTAEAOw==\" style=\"--smush-placeholder-width: 1024px; --smush-placeholder-aspect-ratio: 1024\/576;\" \/><noscript><img decoding=\"async\" loading=\"lazy\" width=\"1024\" height=\"576\" src=\"http:\/\/adrenaline33.com\/wp-content\/uploads\/2022\/09\/IMG-20211119-WA0000-1024x576.jpg\" alt=\"\" class=\"wp-image-1240\" srcset=\"http:\/\/adrenaline33.com\/wp-content\/uploads\/2022\/09\/IMG-20211119-WA0000-1024x576.jpg 1024w, http:\/\/adrenaline33.com\/wp-content\/uploads\/2022\/09\/IMG-20211119-WA0000-300x169.jpg 300w, http:\/\/adrenaline33.com\/wp-content\/uploads\/2022\/09\/IMG-20211119-WA0000-768x432.jpg 768w, http:\/\/adrenaline33.com\/wp-content\/uploads\/2022\/09\/IMG-20211119-WA0000-1536x864.jpg 1536w, http:\/\/adrenaline33.com\/wp-content\/uploads\/2022\/09\/IMG-20211119-WA0000-rotated.jpg 1599w\" sizes=\"(max-width: 1024px) 100vw, 1024px\" \/><\/noscript><\/figure>\n\n\n\n<figure class=\"wp-block-image size-large\"><img decoding=\"async\" loading=\"lazy\" width=\"768\" height=\"1024\" data-src=\"http:\/\/adrenaline33.com\/wp-content\/uploads\/2022\/10\/IMG_20221002_084645-768x1024.jpg\" alt=\"\" class=\"wp-image-1268 lazyload\" data-srcset=\"http:\/\/adrenaline33.com\/wp-content\/uploads\/2022\/10\/IMG_20221002_084645-768x1024.jpg 768w, http:\/\/adrenaline33.com\/wp-content\/uploads\/2022\/10\/IMG_20221002_084645-225x300.jpg 225w, http:\/\/adrenaline33.com\/wp-content\/uploads\/2022\/10\/IMG_20221002_084645-1152x1536.jpg 1152w, http:\/\/adrenaline33.com\/wp-content\/uploads\/2022\/10\/IMG_20221002_084645-1536x2048.jpg 1536w, http:\/\/adrenaline33.com\/wp-content\/uploads\/2022\/10\/IMG_20221002_084645-scaled.jpg 1920w\" data-sizes=\"(max-width: 768px) 100vw, 768px\" src=\"data:image\/gif;base64,R0lGODlhAQABAAAAACH5BAEKAAEALAAAAAABAAEAAAICTAEAOw==\" style=\"--smush-placeholder-width: 768px; --smush-placeholder-aspect-ratio: 768\/1024;\" \/><noscript><img decoding=\"async\" loading=\"lazy\" width=\"768\" height=\"1024\" src=\"http:\/\/adrenaline33.com\/wp-content\/uploads\/2022\/10\/IMG_20221002_084645-768x1024.jpg\" alt=\"\" class=\"wp-image-1268\" srcset=\"http:\/\/adrenaline33.com\/wp-content\/uploads\/2022\/10\/IMG_20221002_084645-768x1024.jpg 768w, http:\/\/adrenaline33.com\/wp-content\/uploads\/2022\/10\/IMG_20221002_084645-225x300.jpg 225w, http:\/\/adrenaline33.com\/wp-content\/uploads\/2022\/10\/IMG_20221002_084645-1152x1536.jpg 1152w, http:\/\/adrenaline33.com\/wp-content\/uploads\/2022\/10\/IMG_20221002_084645-1536x2048.jpg 1536w, http:\/\/adrenaline33.com\/wp-content\/uploads\/2022\/10\/IMG_20221002_084645-scaled.jpg 1920w\" sizes=\"(max-width: 768px) 100vw, 768px\" \/><\/noscript><\/figure>\n\n\n\n<figure class=\"wp-block-image size-large\"><img decoding=\"async\" loading=\"lazy\" width=\"768\" height=\"1024\" data-src=\"http:\/\/adrenaline33.com\/wp-content\/uploads\/2022\/10\/IMG_20221002_084628-768x1024.jpg\" alt=\"\" class=\"wp-image-1267 lazyload\" data-srcset=\"http:\/\/adrenaline33.com\/wp-content\/uploads\/2022\/10\/IMG_20221002_084628-768x1024.jpg 768w, http:\/\/adrenaline33.com\/wp-content\/uploads\/2022\/10\/IMG_20221002_084628-225x300.jpg 225w, http:\/\/adrenaline33.com\/wp-content\/uploads\/2022\/10\/IMG_20221002_084628-1152x1536.jpg 1152w, http:\/\/adrenaline33.com\/wp-content\/uploads\/2022\/10\/IMG_20221002_084628-1536x2048.jpg 1536w, http:\/\/adrenaline33.com\/wp-content\/uploads\/2022\/10\/IMG_20221002_084628-scaled.jpg 1920w\" data-sizes=\"(max-width: 768px) 100vw, 768px\" src=\"data:image\/gif;base64,R0lGODlhAQABAAAAACH5BAEKAAEALAAAAAABAAEAAAICTAEAOw==\" style=\"--smush-placeholder-width: 768px; --smush-placeholder-aspect-ratio: 768\/1024;\" \/><noscript><img decoding=\"async\" loading=\"lazy\" width=\"768\" height=\"1024\" src=\"http:\/\/adrenaline33.com\/wp-content\/uploads\/2022\/10\/IMG_20221002_084628-768x1024.jpg\" alt=\"\" class=\"wp-image-1267\" srcset=\"http:\/\/adrenaline33.com\/wp-content\/uploads\/2022\/10\/IMG_20221002_084628-768x1024.jpg 768w, http:\/\/adrenaline33.com\/wp-content\/uploads\/2022\/10\/IMG_20221002_084628-225x300.jpg 225w, http:\/\/adrenaline33.com\/wp-content\/uploads\/2022\/10\/IMG_20221002_084628-1152x1536.jpg 1152w, http:\/\/adrenaline33.com\/wp-content\/uploads\/2022\/10\/IMG_20221002_084628-1536x2048.jpg 1536w, http:\/\/adrenaline33.com\/wp-content\/uploads\/2022\/10\/IMG_20221002_084628-scaled.jpg 1920w\" sizes=\"(max-width: 768px) 100vw, 768px\" \/><\/noscript><\/figure>\n","protected":false},"excerpt":{"rendered":"<p>Dimanche 14 novembre 2021. L&rsquo;association organisait la course Les mont\u00e9es d&rsquo;Adr\u00e9naline: Fort du succ\u00e8s des pr\u00e9c\u00e9dentes \u00e9ditions, les mont\u00e9es d\u2019Adr\u00e9naline rassemblaient de nouveau 359 participants pour ce dixi\u00e8me rendez-vous. 113 coureurs sur le 10 km, 96 sur le 20 km, 30 sur le canitrail et 120 marcheurs. Retrouvez les r\u00e9sultats et photos de notre course [&hellip;]<\/p>\n","protected":false},"author":2,"featured_media":0,"parent":8,"menu_order":9,"comment_status":"closed","ping_status":"closed","template":"","meta":{"footnotes":""},"_links":{"self":[{"href":"http:\/\/adrenaline33.com\/index.php?rest_route=\/wp\/v2\/pages\/1237"}],"collection":[{"href":"http:\/\/adrenaline33.com\/index.php?rest_route=\/wp\/v2\/pages"}],"about":[{"href":"http:\/\/adrenaline33.com\/index.php?rest_route=\/wp\/v2\/types\/page"}],"author":[{"embeddable":true,"href":"http:\/\/adrenaline33.com\/index.php?rest_route=\/wp\/v2\/users\/2"}],"replies":[{"embeddable":true,"href":"http:\/\/adrenaline33.com\/index.php?rest_route=%2Fwp%2Fv2%2Fcomments&post=1237"}],"version-history":[{"count":0,"href":"http:\/\/adrenaline33.com\/index.php?rest_route=\/wp\/v2\/pages\/1237\/revisions"}],"up":[{"embeddable":true,"href":"http:\/\/adrenaline33.com\/index.php?rest_route=\/wp\/v2\/pages\/8"}],"wp:attachment":[{"href":"http:\/\/adrenaline33.com\/index.php?rest_route=%2Fwp%2Fv2%2Fmedia&parent=1237"}],"curies":[{"name":"wp","href":"https:\/\/api.w.org\/{rel}","templated":true}]}}