{"id":986,"date":"2021-02-28T16:04:33","date_gmt":"2021-02-28T15:04:33","guid":{"rendered":"http:\/\/adrenaline33.com\/?page_id=986"},"modified":"2025-06-12T17:28:11","modified_gmt":"2025-06-12T15:28:11","slug":"prochaine-edition-le-dimanche-14-novembre-2021","status":"publish","type":"page","link":"https:\/\/adrenaline33.com\/?page_id=986","title":{"rendered":"Prochaine Edition le Dimanche 16 Novembre 2025"},"content":{"rendered":"\n<p>Ce sera la  14 \u00e9me \u00e9dition des Mont\u00e9es d&rsquo;Adr\u00e9naline  <\/p>\n\n\n\n<figure class=\"wp-block-image size-full\"><img decoding=\"async\" loading=\"lazy\" width=\"745\" height=\"760\" data-src=\"https:\/\/adrenaline33.com\/wp-content\/uploads\/2025\/06\/FLYER-2025.jpg\" alt=\"\" class=\"wp-image-1838 lazyload\" data-srcset=\"https:\/\/adrenaline33.com\/wp-content\/uploads\/2025\/06\/FLYER-2025.jpg 745w, https:\/\/adrenaline33.com\/wp-content\/uploads\/2025\/06\/FLYER-2025-294x300.jpg 294w\" data-sizes=\"(max-width: 745px) 100vw, 745px\" src=\"data:image\/gif;base64,R0lGODlhAQABAAAAACH5BAEKAAEALAAAAAABAAEAAAICTAEAOw==\" style=\"--smush-placeholder-width: 745px; --smush-placeholder-aspect-ratio: 745\/760;\" \/><noscript><img decoding=\"async\" loading=\"lazy\" width=\"745\" height=\"760\" src=\"https:\/\/adrenaline33.com\/wp-content\/uploads\/2025\/06\/FLYER-2025.jpg\" alt=\"\" class=\"wp-image-1838\" srcset=\"https:\/\/adrenaline33.com\/wp-content\/uploads\/2025\/06\/FLYER-2025.jpg 745w, https:\/\/adrenaline33.com\/wp-content\/uploads\/2025\/06\/FLYER-2025-294x300.jpg 294w\" sizes=\"(max-width: 745px) 100vw, 745px\" \/><\/noscript><\/figure>\n\n\n\n<p>On vous attend nombreux<\/p>\n\n\n\n<p>Ouverture des Inscriptions le 1er Octobre 2025<\/p>\n","protected":false},"excerpt":{"rendered":"<p>Ce sera la 14 \u00e9me \u00e9dition des Mont\u00e9es d&rsquo;Adr\u00e9naline On vous attend nombreux Ouverture des Inscriptions le 1er Octobre 2025<\/p>\n","protected":false},"author":2,"featured_media":0,"parent":8,"menu_order":6,"comment_status":"closed","ping_status":"closed","template":"","meta":{"footnotes":""},"_links":{"self":[{"href":"https:\/\/adrenaline33.com\/index.php?rest_route=\/wp\/v2\/pages\/986"}],"collection":[{"href":"https:\/\/adrenaline33.com\/index.php?rest_route=\/wp\/v2\/pages"}],"about":[{"href":"https:\/\/adrenaline33.com\/index.php?rest_route=\/wp\/v2\/types\/page"}],"author":[{"embeddable":true,"href":"https:\/\/adrenaline33.com\/index.php?rest_route=\/wp\/v2\/users\/2"}],"replies":[{"embeddable":true,"href":"https:\/\/adrenaline33.com\/index.php?rest_route=%2Fwp%2Fv2%2Fcomments&post=986"}],"version-history":[{"count":0,"href":"https:\/\/adrenaline33.com\/index.php?rest_route=\/wp\/v2\/pages\/986\/revisions"}],"up":[{"embeddable":true,"href":"https:\/\/adrenaline33.com\/index.php?rest_route=\/wp\/v2\/pages\/8"}],"wp:attachment":[{"href":"https:\/\/adrenaline33.com\/index.php?rest_route=%2Fwp%2Fv2%2Fmedia&parent=986"}],"curies":[{"name":"wp","href":"https:\/\/api.w.org\/{rel}","templated":true}]}}